 + 56. What is the remainder when 70 is divided by u(8)?
22
Let n = 79 + -43. Let o = -19 - -89. Calculate the remainder when o is divided by n.
34
Let j(h) = -h + 9. Let d be j(-8). Suppose 2 = -5*n + d. Calculate the remainder when (13 + -6)/(1 - 0) is divided by n.
1
Let k(g) = -3*g**2 + 20*g + 25. What is the remainder when 1095 is divided by k(7)?
15
Let y be 1/(-3*(-2)/(-12)). Calculate the remainder when 54 is divided by -6*(-3 + y/(-3)).
12
Let a(x) = -23*x + 9. Let l(w) = 11*w - 4. Let o(m) = 6*a(m) + 14*l(m). Calculate the remainder when 88 is divided by o(2).
28
Let t(a) = -354*a - 72. Calculate the remainder when t(-2) is divided by 11.
9
Let i be (-1 - 1)/(4/(-304)). Suppose 2*q - i = 4*o, 387 = 5*q + 2*o - 5*o. Calculate the remainder when q is divided by (-23)/(-7) - 2/7 - -17.
18
Let n = 425 - 366. Calculate the remainder when n is divided by 3.
2
Let q = -645 + 670. Calculate the remainder when q is divided by 12.
1
Let f(v) = 39 - 38 - v - v**3 + 2*v**2 + 4*v. Let t be f(3). Let d = 29 + t. What is the remainder when d is divided by 16?
14
Suppose 0 = 5*h + 4*x - 236, 0 = -3*h - 9*x + 5*x + 148. Calculate the remainder when 253 is divided by h.
33
Let f be -1 + 0 + 9 - -4. Suppose -4*d + 1258 = -2*w + 438, -3*w + f = 0. What is the remainder when d is divided by 52?
51
Suppose 0 = -4*x + 5*a + 2, -5*a = -0*a + 10. Let i(o) = -18*o**3 - 3*o**2 - 4*o + 2. Calculate the remainder when i(x) is divided by 29.
26
Let b(j) = -338*j - 2. Let w be b(-1). Suppose -9*v + v = -w. Calculate the remainder when v is divided by 17.
8
Suppose 30*y - 11815 = 5135. What is the remainder when y is divided by 29?
14
Let z(x) = 0 + x**3 - 5*x**2 + 6*x - 12*x + 3. Let v be z(6). Suppose c + 18 = v*c. What is the remainder when 17 is divided by c?
8
Let j(i) = 30*i - 266. Calculate the remainder when 203 is divided by j(10).
33
Suppose -3*x + 345 = -75. Suppose -61 = -3*d + x. What is the remainder when d is divided by 23?
21
Suppose 0*t - 3*t = 4*g - 64, -51 = -3*g - 3*t. Let p = -9 + g. Suppose 2*y - 4 - p = 0. What is the remainder when 15 is divided by y?
3
Suppose 4*c = -k + 36, -k + 4*c = 9*c - 38. Calculate the remainder when 148 is divided by k.
8
Let j = -7 - -15. Suppose t - 18 = -3*d, 4*d + j = t + 2*d. Calculate the remainder when 33 is divided by t.
9
Let w be (-2)/3 - 3*298/9. Let h = w + 112. Calculate the remainder when 17 is divided by h.
5
Suppose 0 = 3*o + 3*o - 1170. What is the remainder when o is divided by 6?
3
Calculate the remainder when 280 is divided by (-6)/9 - (-3824)/48.
43
Let g = 89 - 48. Let l = g - 33. Calculate the remainder when 21 is divided by l.
5
Suppose 0*h - 3*h = 0. Suppose h = 5*j - 5*q + 19 + 11, 0 = 3*q - 9. Calculate the remainder when 28 is divided by 6/(j + 0)*-5.
8
Suppose 0 = 78*x - 28*x - 750. What is the remainder when 23 is divided by x?
8
Suppose 239*d + 9695 = 244*d. Calculate the remainder when d is divided by 97.
96
Let b = 25 - 24. Let h(a) = a**2 - a**3 + a + b - 4*a**2 + 0*a**2 + 0*a**2. Calculate the remainder when h(-4) is divided by 8.
5
Let p(y) = 4*y + 4*y**2 - 3 + 0*y - 7*y**3 + 6. Calculate the remainder when p(-2) is divided by 24.
19
Calculate the remainder when 25 is divided by (-162)/405*(-130)/4.
12
Suppose n + 5*o - 76 = 0, -2*o + 25 = 3*o. Let u = 39 + -93. What is the remainder when n is divided by (u/8)/((-1)/4)?
24
Suppose -4*r = 4*b - 4852, 4*b - 5*r = -4*r + 4832. What is the remainder when b is divided by 101?
98
Let s = 94 + -75. Calculate the remainder when 74 is divided by s.
17
Suppose 353*v - 130 = 351*v. Let l(n) = 5*n + 7*n**2 - 6 - 2*n - 6*n**2. Calculate the remainder when v is divided by l(-8).
31
Suppose -4*v + v - 2*d + 26 = 0, -5*v + d + 39 = 0. Let i = 2 - v. What is the remainder when 26 is divided by (-2)/(-3)*i + 18?
12
Let g = 2123 + -2049. Calculate the remainder when g is divided by 25.
24
Let c = -24 + 31. Suppose -c*j + 705 = -2*j. What is the remainder when j is divided by 49?
43
Suppose 5*t = y - 62 - 12, 0 = -y - 4*t + 38. Let x = 32 + 13. Let p = x - 34. What is the remainder when y is divided by p?
10
Calculate the remainder when 218 is divided by 3/(-2) + (-60)/(-24) + 73.
70
Calculate the remainder when -6*(-3)/(-8)*(-1288)/5796*136 is divided by (-3 - -2)*(-9 + 0).
5
Suppose -9*n + 923 - 302 = 0. Let p(q) be the first derivative of -q**2/2 + 10*q + 2. What is the remainder when n is divided by p(-8)?
15
Let x = 39 - 102. Let j = -38 - x. Suppose 2 = u - j. Calculate the remainder when u is divided by 15.
12
Suppose 4*w - 1 = 5*g, 0 = 5*w - g + 3*g - 26. Suppose -w*h = -118 + 22. What is the remainder when h is divided by 13?
11
Suppose -d - 3 = -2, -10 = -3*y + 4*d. Suppose 4*u + 0*c - 127 = 5*c, -142 = -4*u + y*c. What is the remainder when u is divided by 5?
3
Let a(r) = -3*r**3 - r**2 + 5*r - 19 + 15 + 2*r**3. Calculate the remainder when a(-4) is divided by 2.
0
Suppose 20 = p + w - 5*w, -w - 4 = 0. Suppose x - 19 = f + f, -p*x - 5*f = -89. What is the remainder when 68 is divided by x?
5
Let i = 129 + -28. What is the remainder when i is divided by (0 - -2)/((-15 + 7)/(-104))?
23
Suppose 74 - 412 = -2*m - 4*h, 4*h - 171 = -m. What is the remainder when m is divided by 93?
74
Let j = 17 + -76. Let f = -328 - -209. Let k = j - f. Calculate the remainder when k is divided by 21.
18
Suppose -38 = -3*y + y. Suppose -y*t = -14*t - 125. What is the remainder when 70 is divided by t?
20
Suppose -33*j + 38*j = r + 203, -r = 2*j - 84. Calculate the remainder when 277 is divided by j.
31
Let a(h) = -h**3 - 7*h**2 + 17*h - 9. Let n be a(-9). Suppose -3*x + 2*v + 600 = n, -6*x - 4*v = -7*x + 210. Calculate the remainder when x is divided by 40.
38
Let u(o) = -8*o - 2. Let s be 2/3 - (-286)/66. Suppose 0 = -3*a, -5*h + s*a = -4 - 36. Calculate the remainder when u(-3) is divided by h.
6
Suppose 0 = -a - k, 9*a + 2*k = 4*a + 12. Calculate the remainder when 5/(-3)*-42*(-1)/(-5) is divided by a.
2
Let n = 12 + -1. Let p = n + -21. Let o = p + 18. Calculate the remainder when 23 is divided by o.
7
Let x = -128 + 130. What is the remainder when 122 is divided by 86/8*4 - x?
40
Let f = -14 + 25. Calculate the remainder when 503 is divided by f.
8
What is the remainder when 1506*(-42)/(-48) - 6/(-24) is divided by 20?
18
Let w(i) = i**2 + 14*i + 16. Suppose -3*l + 11 - 52 = y, 4*l + 76 = 4*y. Calculate the remainder when 121 is divided by w(l).
28
What is the remainder when ((-16)/(-3) - 6)/((-6)/1845) is divided by 26?
23
Suppose 16 = 4*y, -3*t - 3*y = -y + 7. Let f be (-4 - t) + -4 + 6. Suppose -86 = -f*k - 26. What is the remainder when 38 is divided by k?
18
Suppose 4*t + c - 5 = -0*c, -t - 5*c + 6 = 0. Let b = -28 + 51. Suppose -5*a = 2*r - b, r + 5*a = t - 2. What is the remainder when 45 is divided by r?
21
Let g = 785 - 627. Calculate the remainder when g is divided by 78.
2
Suppose 0 = 12*v - 11*v - 29. Calculate the remainder when v is divided by 7.
1
Suppose 0*g - 35 = -7*g. Suppose 0*v = g*v - 4*t - 53, v + 4*t = 1. Calculate the remainder when 15 is divided by v.
6
Suppose 0 = -3*f + 2*f. Suppose -5*t + 0*t + 220 = 0. Suppose -w + 2*w + 5*d - t = f, -3*d = 0. Calculate the remainder when w is divided by 15.
14
Let s(y) be the second derivative of y**4/12 + y**3/3 + 3*y**2/2 - 3*y. Let j = -21 + 26. Calculate the remainder when s(j) is divided by 10.
8
Let a = 14 + -21. Let y = 3 + a. Calculate the remainder when 43 is divided by y/6*3*-11.
21
Let s = -32 + 34. Suppose -4*j - 6 = s*a, -j = -5*a + 3*j + 13. Calculate the remainder when 4 is divided by a.
0
Let o(p) be the second derivative of -p**4/12 + 5*p**3/3 - 4*p**2 + 5*p. What is the remainder when 48 - (-2)/(2 - 0) is divided by o(7)?
10
Suppose -2*k + 102 - 12 = 0. Let g = 76 - k. Let n = 4 - -4. What is the remainder when g is divided by n?
7
Let x(v) = -v. Let m be x(-3). Suppose -t + m*d = -70, -t + 2*d = d - 80. Suppose j + t = 6*j. What is the remainder when 65 is divided by j?
14
Suppose 0 = -4*t + 3*p + 157, t - 2*p = -3*t + 154. What is the remainder when t is divided by 13?
11
What is the remainder when 291 is divided by (-50)/(-3) - (-85)/(-51)?
6
Let r(j) = 2*j + 62 - 149 + 72. Calculate the remainder when 48 is divided by r(16).
14
Let c(t) = -t**3 + 15*t**2 - 13*t - 15